) to base 10
-4116944
What is 50b9 (base 16) in base 5?
1130130
446035 (base 7) to base 10
78916
1be2da (base 16) to base 9
3384826
1573481 (base 9) to base 16
d5abd
-100394 (base 12) to base 9
-420064
What is 3511a (base 13) in base 15?
1da75
-bc657 (base 15) to base 7
-5042536
What is -13321123 (base 5) in base 14?
-376b2
What is -125253321 (base 6) in base 5?
-1114324234
Convert 98244 (base 12) to base 9.
335377
What is 100303231 (base 4) in base 11?
477a7
141b165 (base 12) to base 13
aaa470
120df (base 16) to base 4
102003133
What is -31948a (base 13) in base 15?
-17e8d8
-357222 (base 9) to base 13
-76c79
What is -68472 (base 10) in base 15?
-1544c
Convert 1000221010222 (base 3) to base 13.
163313
What is 11020112022 (base 3) in base 7?
465263
What is -12022101220210 (base 3) in base 4?
-22301013210
What is -23203042 (base 5) in base 2?
-110011001101101100
What is -121210120010210 (base 3) in base 5?
-4241134221
-100101100100010100010 (base 2) to base 11
-770970
What is -67310 (base 12) in base 3?
-20221212110
5c49b5 (base 13) to base 6
115205514
-2030100101 (base 4) to base 9
-1065032
-1110101011111111000 (base 2) to base 9
-813156
What is -194280 (base 10) in base 11?
-122a69
What is 1002301001113 (base 4) in base 2?
1000010110001000001010111
What is 6141555 (base 8) in base 11?
a09338
Convert 121011012101220 (base 3) to base 16.
8301ff
Convert 3313716 (base 8) to base 14.
19290a
What is -3321104412 (base 5) in base 13?
-1654418
4063451 (base 8) to base 7
12065032
What is 369b1 (base 13) in base 4?
120202302
a0395 (base 14) to base 12
166893
What is 51d93 (base 15) in base 12?
106263
What is -5a5896 (base 11) in base 5?
-221200033
Convert 1697997 (base 13) to base 2.
11011111101001110000000
-1021202121210 (base 3) to base 5
-133344010
What is -457046 (base 8) in base 3?
-21212212012
Convert -1c0cb (base 16) to base 11.
-79357
Convert -112021033 (base 5) to base 6.
-14425133
Convert 43027506 (base 8) to base 5.
4322442032
Convert 114a01 (base 12) to base 8.
1036641
Convert -1275168 (base 12) to base 11.
-2065038
Convert b603c (base 15) to base 12.
23a026
Convert 100110101110001111 (base 2) to base 9.
261510
What is 11042010 (base 6) in base 3?
121212201020
320115 (base 11) to base 8
1751074
What is -220106 (base 8) in base 11?
-5049a
1110001000000010111011 (base 2) to base 3
20222010112002
118448 (base 11) to base 3
100111100100
532522 (base 8) to base 6
3445414
What is 367c0b4 (base 13) in base 4?
1000212123133
10213310440 (base 5) to base 3
202002200221110
86aba (base 12) to base 13
62c3b
601757 (base 8) to base 7
1452065
1000454 (base 8) to base 5
31344234
What is 16113 (base 14) in base 3?
2210120111
Convert 258211 (base 15) to base 9.
3342207
What is 100010011101111110000101 (base 2) in base 14?
12b2c3b
What is 3555452 (base 6) in base 16?
2d8d8
325000542 (base 6) to base 5
2443112311
Convert -36c99c (base 13) to base 16.
-1409eb
Convert -11111001100100000010 (base 2) to base 14.
-1c8750
27059 (base 12) to base 13
1b54c
What is 1211222102 (base 4) in base 16?
65a92
What is 589278 (base 10) in base 8?
2176736
What is 102101022020 (base 3) in base 7?
1622064
Convert -1f57c1 (base 16) to base 2.
-111110101011111000001
3082a9 (base 12) to base 11
47a60a
What is 301232123 (base 4) in base 13?
71924
Convert 112001221102 (base 3) to base 15.
57102
What is 18555a5 (base 11) in base 3?
12220120000122
-1001165 (base 7) to base 2
-11100110101001000
Convert a2d18e (base 15) to base 12.
2712882
What is 11075e7 (base 15) in base 10?
12174967
Convert -1505028 (base 9) to base 8.
-3125625
Convert 299747 (base 10) to base 13.
a6586
Convert -232313 (base 6) to base 11.
-14022
What is -46690 (base 14) in base 10?
-171430
Convert -36531604 (base 7) to base 5.
-1314042102
Convert -3124012 (base 6) to base 12.
-73608
804637 (base 9) to base 2
1110100001010110100
What is -5440531 (base 6) in base 13?
-95a34
Convert -122020020202102 (base 3) to base 12.
-30975a8
What is -22958 (base 10) in base 3?
-1011111022
481da (base 16) to base 15
5c7c6
What is 25625114 (base 9) in base 4?
300002301322
What is -108a853 (base 11) in base 4?
-13100212301
What is 174881 (base 10) in base 7?
1325600
Convert 278710 (base 12) to base 15.
cece0
What is 123202042 (base 6) in base 9?
4450858
What is 11441143 (base 5) in base 14?
2b9a3
Convert -35039a (base 12) to base 13.
-23a2b6
-718925 (base 15) to base 11
-3055638
2216853 (base 9) to base 14
2308a7
766214 (base 14) to base 4
33103201222
Convert -10c0a (base 16) to base 15.
-154e8
1219c (base 16) to base 2
10010000110011100
What is -29829 (base 15) in base 7?
-1064052
Convert 323314 (base 10) to base 12.
13712a
What is 53567 (base 8) in base 3?
1010201022
Convert -814c3a (base 16) to base 15.
-b25aa8
Convert -129a4 (base 14) to base 6.
-552032
What is 34459 (base 14) in base 15?
279c7
ce45f (base 16) to base 11
527867
Convert -247466 (base 9) to base 16.
-24945
What is 3766152 (base 8) in base 14?
1d2442
What is -1244222 (base 10) in base 13?
-347435
-220321013312 (base 4) to base 16
-a391f6
Convert -39043 (base 14) to base 4.
-202023203
What is 10000101110000101000 (base 2) in base 14?
103944
1011100010001101111 (base 2) to base 16
5c46f
31105410 (base 9) to base 3
1001010012110100
553028 (base 13) to base 11
1150071
What is 10311366 (base 7) in base 6?
30443423
What is 34065 (base 12) in base 7?
405512
Convert -34745 (base 10) to base 16.
-87b9
What is -2333371 (base 10) in base 5?
-1044131441
What is 54101215 (base 6) in base 12?
64a80b
What is -8267350 (base 10) in base 11?
-4737423
Convert 1333031222 (base 5) to base 10.
3408312
What is 111000000010010010 (base 2) in base 5?
24321042
What is -2406753 (base 9) in base 4?
-10332120003
1311120132 (base 4) to base 8
1653036
173660 (base 9) to base 8
322267
212020032 (base 4) to base 8
461016
Convert -105042210 (base 6) to base 11.
-10a0513
What is -203201212 (base 4) in base 15?
-2d1aa
What is -55869 (base 11) in base 14?
-216ab
What is 12cc95 (base 15) in base 5?
212411330
Convert -1001010001101110 (base 2) to base 14.
-dbc2
What is 1220000021 (base 3) in base 7?
213262
What is -44870 (base 12) in base 15?
-1becc
Convert 1517334 (base 8) to base 11.
276a90
-152081 (base 12) to base 5
-42343230
What is 120c9 (base 16) in base 3?
10202102010
-2733870 (base 9) to base 12
-603446
-1220121120 (base 3) to base 14
-d9d8
803856 (base 9) to base 13
13843b
Convert -64af5 (base 16) to base 10.
-412405
What is -894a (base 12) in base 13?
-6ba7
49733 (base 14) to base 4
223321001
What is -23cd1 (base 14) in base 12?
-4283b
What is 5040214 (base 6) in base 13?
84769
-322022301123 (base 4) to base 11
-8675450
-101634421 (base 7) to base 8
-26667216
Convert -345574 (base 10) to base 15.
-6c5d4
What is -514221 (base 6) in base 4?
-22002211
What is 1100111110010010111 (base 2) in base 6?
13040035
Convert 322202 (base 12) to base 13.
219491
What is -207317 (base 8) in base 9?
-115080
Convert 827226 (base 9) to base 3.
220221020220
-4931260 (base 10) to base 8
-22637274
-322142331 (base 5) to base 9
-2510805
24574 (base 16) to base 10
148852
500b0 (base 13) to base 5
14033243
-b05645 (base 12) to base 15
-393c8e
Convert 2142004320 (base 5) to base 8.
21550672
What is -346062 (base 10) in base 15?
-6c80c
What is -1323a47 (base 14) in base 9?
-18327271
What is -1b22d (base 16) in base 7?
-642023
What is 113c40 (base 14) in base 11?
370a28
Convert a763a5 (base 11) to base 9.
3213354
121012100000 (base 3) to base 9
535300
-b74bc (base 13) to base 3
-121210012100
-508052 (base 9) to base 6
-10242032
-1102102221022 (base 3) to base 15
-ee2db
-98dcd4 (base 14) to base 13
-10c7617
5739b7 (base 12) to base 6
45530351
637a3 (base 12) to base 3
20122022220
19236a (base 13) to base 11
3a2916
Convert -101010001010111101100 (base 2) to base 11.
-864244
110011110111010111001 (base 2) to base 10
1699513
What is 2405816 (base 10) in base 3?
11112020011022
What is -1771325 (base 9) in base 8?
-3620732
Convert 12102201112112 (base 3) to base 12.
b73335
What is 51a80 (base 11) in base 2?
10010100000111010
What is 2341 (base 6) in base 14?
2c5
What is -3366a (base 15) in base 13?
-59521
Convert 43721 (base 13) to base 5.
12401140
Convert -4132520 (base 6) to base 11.
-12649a
Convert 8e3c7a (base 16) to base 1